tor of 2914818 and 152304.
1002
What is the greatest common factor of 147 and 321291579?
147
Calculate the greatest common divisor of 24401910 and 20280.
5070
What is the greatest common divisor of 2134926 and 2656?
166
What is the highest common factor of 100 and 113545?
5
Calculate the greatest common factor of 194926760 and 280.
280
Calculate the highest common factor of 11489170 and 4235.
385
Calculate the highest common divisor of 1463 and 92934681.
133
What is the highest common divisor of 479 and 59498027?
479
Calculate the highest common factor of 2450 and 23618700.
350
What is the highest common factor of 453 and 11834021?
151
What is the greatest common factor of 17175104 and 3848?
296
What is the greatest common factor of 2851590 and 50925?
105
What is the greatest common factor of 4664597 and 180901?
301
What is the greatest common divisor of 10405194 and 139610?
1214
What is the highest common factor of 2749434 and 114?
6
Calculate the greatest common factor of 2042293 and 8822.
4411
Calculate the highest common factor of 1056 and 319520.
32
What is the greatest common divisor of 12741 and 247833?
411
Calculate the highest common divisor of 1740 and 146893932.
348
What is the highest common divisor of 41574904 and 1008?
56
What is the greatest common divisor of 134 and 151168616?
134
What is the greatest common divisor of 689717 and 22183?
7
What is the highest common divisor of 15833550 and 150?
150
What is the highest common divisor of 2094762 and 16350?
654
What is the highest common factor of 912 and 1464648?
24
What is the greatest common factor of 3515 and 654545?
5
What is the greatest common factor of 378 and 17321877?
27
What is the highest common factor of 952 and 17651032?
952
What is the greatest common factor of 1212860 and 330?
110
What is the greatest common factor of 68 and 583024?
4
Calculate the greatest common factor of 44125 and 40081385.
1765
What is the greatest common divisor of 209 and 1436442579?
209
Calculate the highest common divisor of 1675549 and 227199.
349
Calculate the highest common divisor of 35728 and 1868209.
203
Calculate the highest common divisor of 3003 and 392880488.
1001
What is the highest common divisor of 13880 and 15095888?
2776
Calculate the highest common divisor of 6807099 and 195.
39
Calculate the highest common factor of 501793290 and 150.
30
What is the highest common factor of 36 and 30253588?
4
Calculate the greatest common divisor of 27905696 and 1184.
1184
What is the greatest common factor of 2203058 and 8086?
26
Calculate the highest common factor of 77158508 and 854.
14
Calculate the greatest common divisor of 113668 and 80384.
628
Calculate the highest common factor of 516320 and 15680.
1120
Calculate the greatest common factor of 12190 and 141910.
230
What is the highest common divisor of 8610 and 6567708?
1722
Calculate the greatest common factor of 1109586 and 40602.
606
Calculate the greatest common factor of 1307117 and 26989.
137
What is the highest common divisor of 261 and 29087406?
261
Calculate the highest common divisor of 174638 and 7192.
58
What is the highest common factor of 475 and 13238350?
25
What is the highest common factor of 38 and 262033522?
38
Calculate the greatest common factor of 379078571 and 713.
713
Calculate the greatest common divisor of 15878 and 13906.
34
Calculate the highest common divisor of 1664 and 53.
1
What is the highest common factor of 112688854 and 2292?
382
Calculate the highest common divisor of 279 and 725800086.
279
Calculate the highest common divisor of 182036 and 8579785.
2677
Calculate the greatest common divisor of 71696787 and 19314.
3219
Calculate the greatest common factor of 13130 and 28918240.
130
Calculate the highest common divisor of 9 and 11053908.
9
Calculate the greatest common divisor of 73644 and 1002858.
2166
Calculate the greatest common divisor of 60 and 2064960.
60
Calculate the highest common divisor of 529920 and 894420.
180
What is the highest common divisor of 2807104 and 920?
184
Calculate the highest common factor of 566264727 and 196.
49
Calculate the highest common divisor of 5 and 77935355.
5
Calculate the highest common divisor of 555 and 132037645.
185
What is the highest common factor of 42415 and 10251?
17
What is the highest common divisor of 63 and 3746148?
21
What is the highest common divisor of 28470 and 2550912?
5694
Calculate the greatest common divisor of 1478 and 1228957.
739
What is the greatest common factor of 47783374 and 2806?
2806
What is the highest common factor of 2238409 and 190?
19
Calculate the greatest common factor of 5649 and 41363861.
1883
Calculate the greatest common factor of 1959 and 36872951.
653
What is the greatest common factor of 72806 and 2242?
118
What is the greatest common factor of 47742 and 6798003?
327
Calculate the greatest common divisor of 223269795 and 603.
603
Calculate the greatest common divisor of 74384 and 160.
16
What is the greatest common divisor of 215360322 and 290?
58
What is the greatest common factor of 657095 and 1885?
5
Calculate the greatest common divisor of 1203876 and 7100.
284
What is the greatest common factor of 598 and 314067?
13
Calculate the highest common divisor of 359802 and 324.
162
What is the greatest common divisor of 285 and 246195?
15
What is the highest common factor of 28530 and 9050?
10
What is the greatest common factor of 35744253 and 27?
3
What is the highest common divisor of 28620000 and 2438?
106
What is the highest common divisor of 6393792 and 352?
32
What is the greatest common divisor of 5724365 and 1880?
235
Calculate the highest common divisor of 1589003710 and 606.
202
Calculate the highest common divisor of 44 and 100861132.
4
What is the greatest common divisor of 2520 and 406343448?
504
What is the greatest common divisor of 270 and 2437990?
10
Calculate the greatest common factor of 13053 and 94348.
229
Calculate the greatest common divisor of 8486 and 6406.
2
What is the greatest common divisor of 492752 and 247?
13
What is the greatest common divisor of 4255792 and 880?
16
Calculate the highest common divisor of 239760 and 5922480.
240
What is the highest common factor of 11244 and 61256375?
937
What is the highest common factor of 5357 and 52712880?
5357
What is the greatest common divisor of 10747 and 61633?
11
What is the highest common factor of 1920 and 33213312?
384
What is the greatest common divisor of 612356490 and 8010?
8010
Calculate the greatest common divisor of 470108392 and 104.
104
Calculate the highest common divisor of 18092 and 299.
1
What is the greatest common divisor of 2549209 and 3747?
1249
What is the greatest common factor of 736 and 7224?
8
Calculate the highest common divisor of 279134 and 128186.
1198
What is the greatest common factor of 108 and 53221887?
27
What is the highest common divisor of 80459 and 8479?
61
What is the greatest common factor of 72900 and 3492?
36
What is the highest common factor of 1073 and 7448041?
29
Calculate the highest common factor of 18668 and 3575999.
359
What is the highest common factor of 21394 and 3852478?
38
Calculate the highest common divisor of 11670 and 118290.
30
What is the greatest common factor of 8736 and 41760096?
672
What is the highest common factor of 234 and 157671?
9
Calculate the greatest common divisor of 14520 and 912295.
5
What is the greatest common factor of 23527120 and 48?
16
What is the greatest common factor of 5447 and 195962?
13
What is the greatest common factor of 28524 and 7836?
12
Calculate the greatest common divisor of 1056078 and 422304.
318
What is the greatest common divisor of 477 and 1208583?
9
What is the highest common factor of 133 and 3663029?
19
What is the greatest common divisor of 215 and 405946445?
215
Calculate the highest common factor of 28 and 1729670824.
28
Calculate the greatest common factor of 107742888 and 12.
12
Calculate the greatest common divisor of 43736 and 366502.
142
Calculate the greatest common factor of 16 and 153302.
2
What is the highest common divisor of 48112 and 12021986?
6014
What is the highest common factor of 136711112 and 88?
8
Calculate the greatest common divisor of 39800 and 11657600.
200
What is the highest common factor of 405 and 152676